0. What are the prime factors of (-1 - -5) + z/(-9)?
2, 103
Let c(l) = -l**3 + 2*l**2 + 13*l + 17. Suppose -16*f = -9*f + 77. What are the prime factors of c(f)?
1447
Suppose -12*y - 49 = -85. Suppose 2*p - p + 81 = 0. List the prime factors of y*(-9)/(p/330).
2, 5, 11
Suppose 4632 = 16*q - 30856. What are the prime factors of q?
2, 1109
List the prime factors of (-1 + 179866/2)*(-50)/(-200).
22483
Let n(o) = 260*o**2 - 21*o + 51. What are the prime factors of n(7)?
2, 29, 109
Suppose 4*j = 5*k - 13, -j - 5*k - 1 = -4*k. What are the prime factors of 1/j + 63/14 + 336?
2, 5, 17
Suppose 0 = 14*i - 6594 + 86800. Let h = -3974 - i. List the prime factors of h.
3, 5, 13
Suppose m = -4*m - 570. Let q be 4/(-22) - m/22. Suppose 3*f + 3*t - 282 = -0*f, -372 = -4*f - q*t. List the prime factors of f.
2, 7
Suppose 0 = 2*d + 39*o - 35*o - 113058, 28 = -4*o. What are the prime factors of d?
56543
Let i(c) = -5. Let z(y) = -111*y + 20. Let d(h) = 3*i(h) + z(h). What are the prime factors of d(-10)?
5, 223
Let j be 1426/(-4) + 4/8. Let z = j + 516. List the prime factors of z.
2, 5
Let z(t) = -15*t - 3*t + 13402 - 13397. List the prime factors of z(-35).
5, 127
Let h = 54619 - -2544. List the prime factors of h.
57163
Let q be (0 - (2 - 0)) + (60 - -459). Suppose m + 850 = 6*m + 4*w, -3*m - w + q = 0. List the prime factors of m.
2, 3, 29
Let i(l) = 944*l**2 - 16*l - 30. List the prime factors of i(-2).
2, 1889
Suppose 2*j + 9*g = 4*g + 4706, 5*j - 11780 = -5*g. List the prime factors of j.
2, 3, 131
Let d(a) = -12*a**2 - 22*a**2 + 6 - a**3 - a**2 + 8*a + 51*a**2 - 9*a**2. Let w(i) = -i**3 - 6*i**2 - i. Let l be w(-6). What are the prime factors of d(l)?
2, 3, 5
Let b = -281 - -330. Let o = 586 - b. What are the prime factors of o?
3, 179
Let t(u) = -958*u + 967. List the prime factors of t(-3).
23, 167
Let v = 11740 - 3885. List the prime factors of v.
5, 1571
Let r be 1953/42 - 3/2. Suppose -r = -4*m - 5*m. Suppose -548 = -m*z + 3*d, -3*z - 2*d + 0*d = -344. What are the prime factors of z?
2, 7
Let u be 2/3 - (-112)/48. Suppose h = -5*r + 17, 0*r = -5*h + u*r + 85. Suppose -h*a = -13*a - 492. List the prime factors of a.
3, 41
Let r be 3/((-18)/2472) + 8 + -6. Let w = r + 1420. What are the prime factors of w?
2, 5, 101
Let n(t) = t**3 - 6*t**2 - 1. Let b be n(6). Let r(x) = x**3 + 18*x**2 + 21*x + 72. Let l be r(-17). List the prime factors of 0 - (-84)/(b + l).
2, 7
Let s(h) = -h**3 - 7*h**2 - 6*h + 2. Let w be s(-6). Let l be w - 1*(-4)/4. Suppose l*r + 393 = 5*n, -n + 4*r = -2*n + 97. What are the prime factors of n?
3
Suppose 83 = -4*m + 91. List the prime factors of ((-3208)/(-10))/(m/5 + 0).
2, 401
Let w(p) = p**3 + 46*p**2 + 53*p - 24. List the prime factors of w(-39).
2, 3, 23, 31
Let m(s) be the first derivative of 11*s**6/120 - s**5/60 - s**3/3 + 9*s**2 + 14. Let l(u) be the second derivative of m(u). List the prime factors of l(2).
2, 41
Suppose 4*b - 2*l = 307186, 160*l = 2*b + 163*l - 153605. List the prime factors of b.
2, 19, 43, 47
Suppose -3*n = k + 2*k - 1896, -2*k = 3*n - 1898. Suppose 7*f - 1838 + n = 0. What are the prime factors of f?
2, 43
Let f(b) = b**3 - 5*b**2 - 2*b + 8. Let w be f(5). Let y be (-18)/45 + w*(-2497)/10. Suppose -5*i + 5 = 0, -5*l = -4*i - y + 83. List the prime factors of l.
2, 3, 7
Suppose q - 5*x - 571 = 0, 2*q = -2*q + 3*x + 2267. Let u be q/(-8) - 21/(-28). Let f = 118 + u. What are the prime factors of f?
2, 3
Let t = -50 + 213. Let l = t + -4. Let m = l - 64. What are the prime factors of m?
5, 19
Let j be (-42)/(-56) + 262/(-8). Let c = -28 - j. Suppose 0 = -a - 3, -4*a = c*v - 0*a - 168. List the prime factors of v.
3, 5
Let i(x) = 946*x**3 - 2*x**2 + 2*x + 2. Let g be i(2). Suppose g = 12*m - 5886. What are the prime factors of m?
19, 59
Suppose -13*o + 10*o = -12. Let v(x) = 5 + 0 - 155*x + 148*x - o. List the prime factors of v(-11).
2, 3, 13
Suppose 0 = 3*d - 2*d + 4*d. Suppose -36*c + 32*c = d. Suppose c = -2*n + 4, -u = -4*u + n + 130. What are the prime factors of u?
2, 11
What are the prime factors of (14 - 7 - 10/1) + 7726?
7723
Let l(j) = j**2 - j. Let w be l(-9). Let v = w + -90. Suppose v = -7*s + 4*s + 801. List the prime factors of s.
3, 89
Let n(a) = a**3 + 3*a**2 - 5*a - 1. Let t be n(-4). Suppose 0 = -t*r - 3*k + 3 + 120, -2*k - 164 = -4*r. Suppose s + 0*s - r = 0. List the prime factors of s.
41
Suppose 0 = 4*z + 2*c - 20619 + 4775, 0 = 2*c + 12. What are the prime factors of z?
2, 991
Let l(f) = 32*f**2 + 43*f - 20. What are the prime factors of l(8)?
2, 593
Suppose -366 = -3*f + f. Let p be 10 + 70/(-7) - -7. Suppose 4*z + f = p*z. What are the prime factors of z?
61
Let i be 296/40 - (-30)/50. Let s(g) = -2*g**3 - 4*g**2 - 3*g - 1. Let j be s(-6). Suppose -j = -i*u + 495. What are the prime factors of u?
2, 5
Let s = 55603 + -35186. What are the prime factors of s?
17, 1201
Let w(u) = u**2 + 5*u - 26. Let t be w(-9). Let v be (-420)/(-25) + 2/t. Let y(x) = 4*x + 36. What are the prime factors of y(v)?
2, 13
Suppose 81 - 72 = 3*p. Suppose -2*n + 4*o - 20 = 0, p*n - 14 = -0*o - 5*o. List the prime factors of 6/12 - 31/n.
2
Let g = 332 - 92. Suppose 4*t - 4*y = 176, -5*t = -2*y + y - g. List the prime factors of t.
7
Suppose -18 = 3*g, -2*y + 1641 = g - 313. List the prime factors of y.
2, 5, 7
Let x = 27618 + -14668. List the prime factors of x.
2, 5, 7, 37
List the prime factors of 705/6*(-980)/(-10).
5, 7, 47
Let t = 124705 + -48891. What are the prime factors of t?
2, 37907
Let t = 109 - 106. Let r(v) = -v - 14 + t*v**2 + 4*v - 1 + 2*v. What are the prime factors of r(4)?
53
Let a(c) = 73*c + 18. Suppose 3*p - 1 = -2*y, -2*p - p - y + 2 = 0. What are the prime factors of a(p)?
7, 13
Let n(f) = f**3 - f**2 - 9 + 11 - f - 14. Let x be n(0). What are the prime factors of (-98)/(-4) + (-6 - 78/x)?
5
Let s = -159 + 166. Suppose 4*q - 980 = -s*j + 3*j, -5*q - 4*j = -1222. List the prime factors of q.
2, 11
Let d(t) be the first derivative of 261*t**4/4 + t - 3942. Let g = 3 + -2. List the prime factors of d(g).
2, 131
Suppose 52379 = g - 2*b, -4*g + 59*b - 56*b = -209496. What are the prime factors of g?
3, 11, 23
Let y be (4/3)/(-6 - 1344/(-225)). Let l = y - -118. Let u = l - 31. What are the prime factors of u?
37
Suppose 38013 = 4*b - 9*q, -5*q = 28*b - 26*b - 18959. What are the prime factors of b?
2, 3, 7, 113
Let d = -88 + 115. Suppose -440 = -35*x + d*x. What are the prime factors of x?
5, 11
Suppose 4*b - 10 = 2*b. Let l(q) = q**3 + 230 - 216 + b*q**2 + q**2 - q. What are the prime factors of l(-6)?
2, 5
Let r(h) = -h**2 + 36*h - 84. Let g be r(26). Suppose -p + 172 = d - 5*p, -5*p - g = -d. List the prime factors of d.
2, 3, 13
Let v(z) = -15*z**3 - 27*z**2 - 47*z - 840. What are the prime factors of v(-13)?
28163
Let b be -1*(-2 - 24/(-2)). Let k(u) = u**3 + 8*u**2 - 23*u - 11. Let y be k(b). Suppose y = t - 40. List the prime factors of t.
59
Let a be 3/(-4)*(0 - -664) + 1. Let w = a - -756. List the prime factors of w.
7, 37
Let y = -11756 - -20545. List the prime factors of y.
11, 17, 47
Let q = -822 - -1924. What are the prime factors of q?
2, 19, 29
Suppose -37*w + 67*w = 32*w - 6878. What are the prime factors of w?
19, 181
Suppose 153*q - 151*q - 3*w - 10753 = 0, -w = 5*q - 26925. What are the prime factors of q?
2, 673
Let j = 19593 - 11992. List the prime factors of j.
11, 691
Let v(m) = 149*m - 84. Let h be v(7). Suppose 2*f = 4*f + o - h, -3*o + 961 = 2*f. What are the prime factors of f?
479
Let b(p) = 506*p + 35. List the prime factors of b(3).
1553
Let c = -458 - -458. List the prime factors of (4 - 1)*(c + -3 + 75).
2, 3
Let g(z) = -z**3 + 18*z**2 - 7*z - 3. Let n be g(15). Let l = -259 + n. Suppose l = -4*w + 940. List the prime factors of w.
2, 79
Let g be (-4)/(-30)*5 + 112/(-6). Let j = 21 + g. Suppose -t - 3 = 0, -2*t = -a - j*t + 63. List the prime factors of a.
2, 3, 11
Let a = 47 + 70. Suppose 3*o - 219 - a = 0. What are the prime factors of o?
2, 7
Let g = 204 + -203. What are the prime factors of (-1418 - (-6)/g)*(-2)/8?
353
Let v = -1774 - -3476. What are the prime factors of v?
2, 23, 37
Let b = 8744 + -4802. List the prime factors of b.
2, 3, 73
Suppose 19 = 4*h + 3*c, h + 4*c = -1 + 9. Suppose 4*z = -16, h*z - 826 = -2*a - 0*z. List the prime